{"id":28,"date":"2020-08-06T13:39:50","date_gmt":"2020-08-06T11:39:50","guid":{"rendered":"http:\/\/hjgroup.pl\/?page_id=28"},"modified":"2020-12-28T12:18:50","modified_gmt":"2020-12-28T11:18:50","slug":"sprzedaz","status":"publish","type":"page","link":"https:\/\/hjgroup.pl\/?page_id=28","title":{"rendered":"SPRZEDA\u017b"},"content":{"rendered":"<p>Uzupe\u0142nieniem dzia\u0142alno\u015bci HJ GROUP jest sprzeda\u017c on-line. To coraz powszechniejsza forma robienia zakup\u00f3w w\u015br\u00f3d spo\u0142ecze\u0144stwa. Wiele bada\u0144 wskazuje na rosn\u0105cy wci\u0105\u017c trend i ilo\u015b\u0107 dokonywanych zakup\u00f3w w sieci. Takie rozwi\u0105zanie daje wiele korzy\u015bci dla kupuj\u0105cego jak i prowadz\u0105cego biznes on-line.<\/p>\n<p>W dobie pandemii jest to jedyna alternatywa na pozyskiwanie dochod\u00f3w. Zapraszamy do kontaktu je\u015bli zastanawiasz si\u0119 nad uruchomieniem takiej sprzeda\u017cy w swojej firmie. Z ch\u0119ci\u0105 podzielimy si\u0119 swoim do\u015bwiadczeniem i przygotujemy dla Ciebie pakiet propozycji i rozwi\u0105za\u0144 do wdro\u017cenia.<\/p>\n","protected":false},"excerpt":{"rendered":"<p>Uzupe\u0142nieniem dzia\u0142alno\u015bci HJ GROUP jest sprzeda\u017c on-line. To coraz powszechniejsza forma robienia zakup\u00f3w w\u015br\u00f3d spo\u0142ecze\u0144stwa. Wiele bada\u0144 wskazuje na rosn\u0105cy [&hellip;]<\/p>\n","protected":false},"author":1,"featured_media":82,"parent":0,"menu_order":0,"comment_status":"closed","ping_status":"closed","template":"","meta":{"footnotes":""},"class_list":["post-28","page","type-page","status-publish","has-post-thumbnail","hentry"],"_links":{"self":[{"href":"https:\/\/hjgroup.pl\/index.php?rest_route=\/wp\/v2\/pages\/28","targetHints":{"allow":["GET"]}}],"collection":[{"href":"https:\/\/hjgroup.pl\/index.php?rest_route=\/wp\/v2\/pages"}],"about":[{"href":"https:\/\/hjgroup.pl\/index.php?rest_route=\/wp\/v2\/types\/page"}],"author":[{"embeddable":true,"href":"https:\/\/hjgroup.pl\/index.php?rest_route=\/wp\/v2\/users\/1"}],"replies":[{"embeddable":true,"href":"https:\/\/hjgroup.pl\/index.php?rest_route=%2Fwp%2Fv2%2Fcomments&post=28"}],"version-history":[{"count":3,"href":"https:\/\/hjgroup.pl\/index.php?rest_route=\/wp\/v2\/pages\/28\/revisions"}],"predecessor-version":[{"id":84,"href":"https:\/\/hjgroup.pl\/index.php?rest_route=\/wp\/v2\/pages\/28\/revisions\/84"}],"wp:featuredmedia":[{"embeddable":true,"href":"https:\/\/hjgroup.pl\/index.php?rest_route=\/wp\/v2\/media\/82"}],"wp:attachment":[{"href":"https:\/\/hjgroup.pl\/index.php?rest_route=%2Fwp%2Fv2%2Fmedia&parent=28"}],"curies":[{"name":"wp","href":"https:\/\/api.w.org\/{rel}","templated":true}]}}